 tens digit of c?
2
Let j(o) = -o**2 + o. Let a be j(1). Suppose a = -4*r + r + 30. What is the units digit of r?
0
Suppose -4*k + 25 + 67 = 0. Suppose m - k = -0*m. What is the units digit of m?
3
What is the hundreds digit of (-45)/(-60) + (-2)/(24/(-1359))?
1
Let u(n) = -n**2 + 4*n - 6. Let t(d) = -d**2 + 4*d - 7. Let h(j) = 4*t(j) - 5*u(j). Suppose -4*a - a + 25 = 0. What is the units digit of h(a)?
7
Suppose 0 = -2*x - 78 + 346. What is the hundreds digit of x?
1
Let u = -9 - -3. Let q = -6 - u. Suppose q = -3*t - 5*c + 10, -3*c = t - 2*t + 22. What is the tens digit of t?
1
Suppose 0 = 4*p + 5*j - 11, -2*p + 3*j + 18 + 15 = 0. Let b(r) = -r**2 + r + 21. Let q be b(0). Suppose -q - p = -5*w. What is the units digit of w?
6
Let o(l) = -l. Let y be o(0). Suppose y = -n - 4*g - 5, -4*n - g + 25 = 0. Let s(v) = -v**2 + 9*v - 6. What is the units digit of s(n)?
8
Let k = -4 - -6. Suppose j - k*j = -25. Suppose 2*s = -3*s + j. What is the units digit of s?
5
Let h be -2 + (3 + -1 - 0). Suppose h*a + 4*a + 7 = c, -4*c + 13 = -a. What is the units digit of c?
3
Let c = 4 - 1. Let d = -4 + 4. Let z = d + c. What is the units digit of z?
3
Let t = -21 - -29. Let g = -5 + t. What is the units digit of g?
3
Suppose 5*a + 5*p = p + 193, -2*a + 5*p = -64. What is the tens digit of a?
3
Suppose 0 = y + 4*y + 50. Let u(l) = -l**2 - 13*l - 11. Let a be u(y). Suppose -5*q + 79 = a. What is the tens digit of q?
1
Suppose 4*d - 26 = 3*r, d = -3*r - 3 + 2. What is the units digit of d?
5
Let f(m) = -m**3 + 14*m**2 + 18*m - 7. What is the units digit of f(15)?
8
Let t(k) = -9*k - 10. Let a(u) = -17*u - 19. Let m(b) = 6*a(b) - 11*t(b). Let j be (-1 - -7)*(-3)/6. What is the units digit of m(j)?
5
Suppose w + 308 = 5*w. What is the units digit of w?
7
Let z = 6 + -9. What is the tens digit of 34*(-3)/(-6) - z?
2
Suppose 5*s = -n + 24, 0*s = 3*s - n - 8. Suppose 2*p - 10 = 2*k, -s*p - k + 24 + 11 = 0. What is the units digit of p?
8
Suppose -17*t - 93 = -467. What is the units digit of t?
2
Let c be (0 - (0 - -2)) + 127. Suppose 3*l - c = -4*r + 9*r, 4*r - l = -100. What is the units digit of (-10)/r - (-43)/5?
9
What is the units digit of (0 - (-2)/(-4))*348/(-2)?
7
Suppose 60 = 5*z - 0*z. What is the tens digit of z?
1
Let d(u) = -u**3 + 6*u**2 + 5. Let b be d(6). Suppose -4*v = 8, -7 = -3*m - b*v - 2. What is the units digit of m?
5
Let x(q) = 5*q - q - 3*q. Let a(f) = -1. Let d(z) = a(z) - 4*x(z). What is the units digit of d(-2)?
7
Suppose 4*o - 2*q - 278 = 0, -o + 0*q = -5*q - 83. What is the units digit of o?
8
Let i(b) = -b**2 - 9*b + 4. Let g(n) = -2*n**2 - 17*n + 8. Let w(h) = -6*g(h) + 11*i(h). Let j be w(-4). What is the units digit of (j - -1) + 2 + -2?
1
Let l = 5 + 1. Suppose l*g = 2*g + 68. Suppose d = -5*h + 47, -3*h - d = -6*d - g. What is the units digit of h?
9
Let p be (-6)/27 - (-43)/(-9). Let r = p + 12. Suppose 2*c - 5 = r. What is the units digit of c?
6
Let r(x) be the first derivative of -x**4/4 + 8*x**3/3 - 5*x**2/2 - 2*x - 1. What is the units digit of r(5)?
8
Let q(h) = 4*h + 1. Let i be (-1)/(2 - 3 - 0). Suppose 1 = 2*j - i. What is the units digit of q(j)?
5
Suppose 2*f + 3*c - 251 = 0, -5*f - 5*c + 388 = -252. What is the hundreds digit of f?
1
Suppose 3*u = -2*u + 290. Let q = -27 + u. What is the tens digit of q?
3
Suppose d + 2 = 5*k, 2*d - 3*d - 5*k = -8. Let s = 5 + -11. Let u = d - s. What is the units digit of u?
9
What is the tens digit of (6 - (-116 + 0))/2?
6
Let j(m) = -m**2 - 5*m - 7. Let b(i) = i**2 + 4*i + 6. Let q(u) = 3*b(u) + 2*j(u). What is the tens digit of q(3)?
1
Let i(g) = -g + 1. Let x be i(2). Let p(k) = 3*k**2 - k. Let z be p(x). Suppose j - 61 = 4*b - 8*b, z*j - 49 = -3*b. What is the units digit of b?
5
Let w = 481 - 267. What is the units digit of w?
4
Let n be (-117)/15 - 2/10. Let u(r) = -r**3 - 7*r**2 + 8*r + 1. Let t be u(n). Let z(x) = 7*x + 1. What is the units digit of z(t)?
8
Let v = 23 + 83. What is the hundreds digit of v?
1
Suppose 0 = -4*x + 1 - 29. Let q = -4 - x. What is the units digit of q - (-2 - 3/(-1))?
2
Suppose -2*i + 2 + 4 = -3*x, 3*i = 9. Suppose -22 = -c - x*c. What is the tens digit of c?
2
Let q be 2/(-4) + (-45)/(-10). Suppose -3*x - q*m = -x + 2, 0 = -4*x + 5*m - 17. What is the units digit of x/(-6) + 1/2?
1
Let t(i) = i**2 + i + 2. Suppose 4 = 3*v + 2*n, -4*v + 10 = -2*v + 5*n. Let z be t(v). Suppose 15 + 7 = z*s. What is the units digit of s?
1
What is the units digit of ((-18)/4)/(4/(592/(-3)))?
2
Suppose -4*i + u + 1 = 4, -2*u + 6 = -i. Suppose -j = -i*j. Suppose -3*q = -9 - j. What is the units digit of q?
3
Let q = -10 + 5. Let u = -2 - q. What is the units digit of u?
3
Suppose 5*o + 33 = -2. Let f = o - -22. What is the tens digit of f?
1
Suppose q = -3*q + 40. What is the tens digit of q?
1
Suppose 5*x + 2*k - 11 = -0*x, 2*x - k = -1. Let b = x + 6. Let z = b - 3. What is the units digit of z?
4
Let l be 64/20 + (-1)/5. Let y(m) = 4*m. What is the tens digit of y(l)?
1
Let a(i) = i**2 - 2*i + 6. Let j(c) = 3*c**2 + 2*c - 1. Let u be j(1). What is the tens digit of a(u)?
1
Suppose 5*z - 60 = -15. Let l be 1/(-1 - 5/(-6)). Let j = l + z. What is the units digit of j?
3
What is the units digit of 210 + (5 + 1 - 3)?
3
Suppose 0 = -3*b - 6 + 21. Suppose -3*s + b*w + 31 = 7, 4*w = 0. What is the units digit of s?
8
Let r = 7 + -5. Let m(c) = 2*c**2 - 3*c + 3. Let j(t) = t - 1. Let h(u) = r*j(u) + m(u). What is the units digit of h(2)?
7
Suppose -5*q + 16 = 1. Suppose 5*x = -2*v - 6, -2*x - 3*x + q*v = -9. What is the units digit of x + 2*(-3)/(-6)?
1
Suppose -2*t + 3*t = -3*z + 33, -t + 8 = -2*z. What is the tens digit of t?
1
Suppose q - 113 + 43 = 0. What is the tens digit of q?
7
Let j(p) = -p + 5. Let q be j(5). Suppose 0 = -a - 5*w + 18, 2*w = a + w. Suppose 4*i = 0, q*y = -y - i + a. What is the units digit of y?
3
Let j(b) = b**2 + 6*b + 3. Let l be ((-36)/8*-2)/(-1). What is the tens digit of j(l)?
3
Let m(w) = -9*w + 2. Let c be m(-2). Let p = c + -6. Suppose 2*b = -0*b + p. What is the units digit of b?
7
Let d be 0/(-1 - (-2)/(-2)). Suppose d = 3*a + 3*z + 15, -2*a = a + z + 5. What is the tens digit of 9 - (-1 + 0) - a?
1
Let b = 0 + 6. Let m(q) = 7 + 12*q**3 - b - 5*q**3. What is the units digit of m(1)?
8
Suppose -949 = -6*v - 31. What is the hundreds digit of v?
1
What is the tens digit of (416 - 4)*(2 + (-28)/16)?
0
Suppose 5*l + 47 = 317. Suppose -3*n = 5*d - l, n + 2*d = -2*d + 18. What is the units digit of n?
8
Let x(l) = -l + 1 + 8 - 2 + 5. What is the units digit of x(5)?
7
Suppose 4*t = w + 213, 7*t + 4*w - 240 = 2*t. Suppose 2*c + 2*k = 3*c + 54, k = c + t. What is the units digit of 2/((-5)/(c/4))?
5
Suppose -2*t - 78 = -2*q, 0*q = -2*q - 2*t + 78. What is the tens digit of q?
3
What is the units digit of 22*(-2)/(-4) + 2?
3
Let c be (-1)/3 - 3/(-9). Suppose 2*k + 1 - 5 = 0. Suppose t + 3*n = 6 + 12, c = -k*t + 3*n. What is the units digit of t?
6
Let n(t) = 2*t**2 + 4*t. Let a be n(11). Suppose a + 92 = 7*z. What is the units digit of z?
4
Let i(g) = -g - 2. Suppose -m + 7 = -2*u + u, -5*u - 4*m = -1. Let n be (-2)/(u*4/(-30)). What is the units digit of i(n)?
3
Let h = 41 + -9. Let g be 26/8 - 8/h. Suppose -r + g*p - 5*p = -2, 4*r = p + 26. What is the units digit of r?
6
Let y be (-24)/9 + (-4)/(-6). Let m(u) = -u**2 + 2*u + 3. Let g be m(y). What is the units digit of (6/g)/(2/(-5))?
3
Suppose 86 = -2*w + k, -6*w = -2*w - 4*k + 168. Let c = -9 - w. What is the units digit of c?
5
Let q be (-4)/(-1) - 4/(-2). What is the units digit of 70/q - (-10)/(-15)?
1
Let n = 627 + -354. What is the hundreds digit of n?
2
Let j(w) = 2*w**2 - 8*w + 2. What is the tens digit of j(6)?
2
Let k(i) = 4*i**2 + 3*i - 4. What is the tens digit of k(3)?
4
Let y(v) = 2*v + 10. What is the units digit of y(9)?
8
Suppose -o = 2*u - 297, 4*u - 2*o - 146 = 3*u. What is the hundreds digit of u?
1
Suppose -5*b - 10 = 4*n, -2*n - n = 15. Suppose b*v - 1 = 5. Let s = -2 + v. What is the units digit of s?
1
Let c(d) = d + 2. Suppose 2*w = -2*z + 18, 3*w - z - 24 = -5*z. Let v be 0 - 4/(w/(-21)). What is the units digit of c(v)?
9
Let u be (-18)/3*2/(-3). Suppose -y - 78 = -u*y. What is the units digit of y?
6
Let m(p) = -3*p + 27. What is the tens digit of m(-12)?
6
Sup